{"id":197,"date":"2023-06-27T21:04:32","date_gmt":"2023-06-27T19:04:32","guid":{"rendered":"https:\/\/nocha0.wordpress.com\/?page_id=197"},"modified":"2025-05-26T13:24:01","modified_gmt":"2025-05-26T11:24:01","slug":"accompagnement-enfants-ados","status":"publish","type":"page","link":"https:\/\/noemiecharretier.com\/index.php\/accompagnement-enfants-ados\/","title":{"rendered":"Accompagnement Burn out"},"content":{"rendered":"\n<h2 class=\"wp-block-heading\"><strong>Accompagnement Burn out<\/strong><\/h2>\n\n\n\n<p id=\"block-a72865f1-59b0-491b-a3c3-cf0f575c879f\">J\u2019accompagne les femmes \u00e9puis\u00e9es \u00e0 se lib\u00e9rer des charges \u00e9motionnelles pour cr\u00e9er leur \u00e9quilibre entre travail et vie personnelle (dans la famille, le couple et le temps individuel).<\/p>\n\n\n\n<p id=\"block-a72865f1-59b0-491b-a3c3-cf0f575c879f\">A vouloir \u00eatre pr\u00e9sente pour tout le monde, on finit par s&rsquo;oublier. On cr\u00e9e la surcharge \u00e9motionnelle, fatigue physique et on a du mal \u00e0 avancer.<br>Cet accompagnement vise \u00e0 retrouver son \u00e9nergie, \u00e0 changer ses fonctionnements automatiques (s&rsquo;autoriser \u00e0 dire non, \u00e0 prendre sa juste place dans sa vie personnelle, familiale et professionnelle, reconnecter \u00e0 son corps et \u00e0 ses ressources int\u00e9rieures).<br><\/p>\n\n\n\n<p id=\"block-d28f08d7-4b5d-49f3-8337-5a0db44688af\">Un accompagnement vous permet de mettre le doigt sur les blocages, lib\u00e9rer les \u00e9motions cristallis\u00e9es dans le corps et relancer votre \u00e9nergie.<\/p>\n\n\n\n<p>Pour que ce burn out soit l&rsquo;occasion d&rsquo;une renaissance personnelle vous permettant de vivre une vie align\u00e9e et \u00e9panouie. <\/p>\n\n\n\n<p id=\"block-b383c46a-bcbf-4c1d-9f6f-38bd79254ace\"><strong>Quels motifs&nbsp;?<\/strong><\/p>\n\n\n\n<p id=\"block-a46c10b6-32b8-4b68-8ad0-8599170c585b\"><em>Une fatigue chronique, du d\u00e9couragement, des troubles de l&rsquo;humeur.<\/em><\/p>\n\n\n\n<p id=\"block-d675d646-bcc7-40b5-92f2-f65ed2c44456\"><em>Des blocages relationnels, relations compliqu\u00e9es avec votre entourage familial, amical ou professionnel.<\/em><\/p>\n\n\n\n<p id=\"block-76dc2154-ea72-4ead-849e-ff1746cd889c\"><em>Des \u00e9motions qui vous d\u00e9bordent au quotidien, l\u2019angoisse, l\u2019anxi\u00e9t\u00e9, la col\u00e8re vous envahissent, il est toujours possible de lib\u00e9rer les charges \u00e9motionnelles pour retrouver la douceur et la s\u00e9r\u00e9nit\u00e9 dans votre vie.<\/em><\/p>\n\n\n\n<p id=\"block-caa9fe7f-2e35-4d8a-a68e-5552b9b269ab\"><em>Des situations qui se r\u00e9p\u00e8tent \u00e0 longueur d&rsquo;ann\u00e9e, de cycles, de relations&#8230; Allons voir les sch\u00e9mas int\u00e9gr\u00e9s et lib\u00e9rez vous de ceux-ci pour retrouver fluidit\u00e9 et harmonie dans votre vie.<\/em><\/p>\n\n\n\n<p id=\"block-34af4947-b9d8-4123-8871-014432bc6fa9\">Mes outils:<\/p>\n\n\n\n<ul id=\"block-1933d80e-ea7f-497a-ad1c-be212932dc4d\" class=\"wp-block-list\">\n<li>Ecoute active pour vous laisser l&rsquo;espace de la parole<\/li>\n\n\n\n<li>l&rsquo;EFT et la kin\u00e9siologie pour lib\u00e9rer les charges \u00e9motionnelles<\/li>\n\n\n\n<li>La respiration pour faire circuler l&rsquo;\u00e9nergie<\/li>\n\n\n\n<li>Ma cr\u00e9ativit\u00e9 pour vous permettre de lever les blocages qui vous emp\u00eachent de vivre votre plein potentiel<\/li>\n<\/ul>\n\n\n\n<p id=\"block-0ddbe5f6-546d-438a-a1fb-621d26431ef4\">Tarif: 70\u20ac la s\u00e9ance, possible en pr\u00e9sentiel ou en visio <\/p>\n\n\n\n<p>A partir du 1er juillet 2025, la 1\u00e8re s\u00e9ance est \u00e0 85\u20ac<\/p>\n\n\n\n<p id=\"block-ddbb6bb7-293d-4e14-bd02-d31c962f508c\"><\/p>\n\n\n\n<p id=\"block-5bf24666-f4e7-4982-9a85-4e12e9729fa5\"><\/p>\n\n\n\n<blockquote class=\"wp-block-quote is-layout-flow wp-block-quote-is-layout-flow\">\n<p id=\"block-46f837c9-5738-48e4-93b5-f690c3e0f365\">\u00ab\u00a0C&rsquo;est en se retournant sur le chemin parcouru qu&rsquo;on sourit \u00e0 la vue des petits cailloux dont on s&rsquo;\u00e9tait fait des montagnes\u00a0\u00bb Bouddha<\/p>\n<\/blockquote>\n\n\n\n<div class=\"wp-block-buttons is-layout-flex wp-block-buttons-is-layout-flex\">\n<div class=\"wp-block-button\"><a class=\"wp-block-button__link wp-element-button\" href=\"https:\/\/perfactive.fr\/noemie-charretier\/new?people=14364\">Prendre rendez-vous<\/a><\/div>\n<\/div>\n","protected":false},"excerpt":{"rendered":"<p>Accompagnement Burn out J\u2019accompagne les femmes \u00e9puis\u00e9es \u00e0 se lib\u00e9rer des charges \u00e9motionnelles pour cr\u00e9er leur \u00e9quilibre entre travail et vie personnelle (dans la famille, le couple et le temps individuel). A vouloir \u00eatre pr\u00e9sente pour tout le monde, on finit par s&rsquo;oublier. On cr\u00e9e la surcharge \u00e9motionnelle, fatigue physique et on a du mal [&hellip;]<\/p>\n","protected":false},"author":1,"featured_media":0,"parent":0,"menu_order":0,"comment_status":"closed","ping_status":"closed","template":"","meta":{"footnotes":""},"class_list":["post-197","page","type-page","status-publish","hentry"],"_links":{"self":[{"href":"https:\/\/noemiecharretier.com\/index.php\/wp-json\/wp\/v2\/pages\/197","targetHints":{"allow":["GET"]}}],"collection":[{"href":"https:\/\/noemiecharretier.com\/index.php\/wp-json\/wp\/v2\/pages"}],"about":[{"href":"https:\/\/noemiecharretier.com\/index.php\/wp-json\/wp\/v2\/types\/page"}],"author":[{"embeddable":true,"href":"https:\/\/noemiecharretier.com\/index.php\/wp-json\/wp\/v2\/users\/1"}],"replies":[{"embeddable":true,"href":"https:\/\/noemiecharretier.com\/index.php\/wp-json\/wp\/v2\/comments?post=197"}],"version-history":[{"count":18,"href":"https:\/\/noemiecharretier.com\/index.php\/wp-json\/wp\/v2\/pages\/197\/revisions"}],"predecessor-version":[{"id":453,"href":"https:\/\/noemiecharretier.com\/index.php\/wp-json\/wp\/v2\/pages\/197\/revisions\/453"}],"wp:attachment":[{"href":"https:\/\/noemiecharretier.com\/index.php\/wp-json\/wp\/v2\/media?parent=197"}],"curies":[{"name":"wp","href":"https:\/\/api.w.org\/{rel}","templated":true}]}}

<h2 class="wp-block-heading"><strong>Accompagnement Burn out</strong></h2>



<p id="block-a72865f1-59b0-491b-a3c3-cf0f575c879f">J’accompagne les femmes épuisées à se libérer des charges émotionnelles pour créer leur équilibre entre travail et vie personnelle (dans la famille, le couple et le temps individuel).</p>



<p id="block-a72865f1-59b0-491b-a3c3-cf0f575c879f">A vouloir être présente pour tout le monde, on finit par s&rsquo;oublier. On crée la surcharge émotionnelle, fatigue physique et on a du mal à avancer.<br>Cet accompagnement vise à retrouver son énergie, à changer ses fonctionnements automatiques (s&rsquo;autoriser à dire non, à prendre sa juste place dans sa vie personnelle, familiale et professionnelle, reconnecter à son corps et à ses ressources intérieures).<br></p>



<p id="block-d28f08d7-4b5d-49f3-8337-5a0db44688af">Un accompagnement vous permet de mettre le doigt sur les blocages, libérer les émotions cristallisées dans le corps et relancer votre énergie.</p>



<p>Pour que ce burn out soit l&rsquo;occasion d&rsquo;une renaissance personnelle vous permettant de vivre une vie alignée et épanouie. </p>



<p id="block-b383c46a-bcbf-4c1d-9f6f-38bd79254ace"><strong>Quels motifs&nbsp;?</strong></p>



<p id="block-a46c10b6-32b8-4b68-8ad0-8599170c585b"><em>Une fatigue chronique, du découragement, des troubles de l&rsquo;humeur.</em></p>



<p id="block-d675d646-bcc7-40b5-92f2-f65ed2c44456"><em>Des blocages relationnels, relations compliquées avec votre entourage familial, amical ou professionnel.</em></p>



<p id="block-76dc2154-ea72-4ead-849e-ff1746cd889c"><em>Des émotions qui vous débordent au quotidien, l’angoisse, l’anxiété, la colère vous envahissent, il est toujours possible de libérer les charges émotionnelles pour retrouver la douceur et la sérénité dans votre vie.</em></p>



<p id="block-caa9fe7f-2e35-4d8a-a68e-5552b9b269ab"><em>Des situations qui se répètent à longueur d&rsquo;année, de cycles, de relations&#8230; Allons voir les schémas intégrés et libérez vous de ceux-ci pour retrouver fluidité et harmonie dans votre vie.</em></p>



<p id="block-34af4947-b9d8-4123-8871-014432bc6fa9">Mes outils:</p>



<ul id="block-1933d80e-ea7f-497a-ad1c-be212932dc4d" class="wp-block-list">
<li>Ecoute active pour vous laisser l&rsquo;espace de la parole</li>



<li>l&rsquo;EFT et la kinésiologie pour libérer les charges émotionnelles</li>



<li>La respiration pour faire circuler l&rsquo;énergie</li>



<li>Ma créativité pour vous permettre de lever les blocages qui vous empêchent de vivre votre plein potentiel</li>
</ul>



<p id="block-0ddbe5f6-546d-438a-a1fb-621d26431ef4">Tarif: 70€ la séance, possible en présentiel ou en visio </p>



<p>A partir du 1er juillet 2025, la 1ère séance est à 85€</p>



<p id="block-ddbb6bb7-293d-4e14-bd02-d31c962f508c"></p>



<p id="block-5bf24666-f4e7-4982-9a85-4e12e9729fa5"></p>



<blockquote class="wp-block-quote is-layout-flow wp-block-quote-is-layout-flow">
<p id="block-46f837c9-5738-48e4-93b5-f690c3e0f365">« C&rsquo;est en se retournant sur le chemin parcouru qu&rsquo;on sourit à la vue des petits cailloux dont on s&rsquo;était fait des montagnes » Bouddha</p>
</blockquote>



<div class="wp-block-buttons is-layout-flex wp-block-buttons-is-layout-flex">
<div class="wp-block-button"><a class="wp-block-button__link wp-element-button" href="https://perfactive.fr/noemie-charretier/new?people=14364">Prendre rendez-vous</a></div>
</div>

<p>Accompagnement Burn out J’accompagne les femmes épuisées à se libérer des charges émotionnelles pour créer leur équilibre entre travail et vie personnelle (dans la famille, le couple et le temps individuel). A vouloir être présente pour tout le monde, on finit par s&rsquo;oublier. On crée la surcharge émotionnelle, fatigue physique et on a du mal [&hellip;]</p>
