{"id":567,"date":"2026-01-30T14:07:23","date_gmt":"2026-01-30T13:07:23","guid":{"rendered":"https:\/\/noemiecharretier.com\/?page_id=567"},"modified":"2026-02-01T11:48:17","modified_gmt":"2026-02-01T10:48:17","slug":"567-2","status":"publish","type":"page","link":"https:\/\/noemiecharretier.com\/index.php\/567-2\/","title":{"rendered":"Constellations familiales"},"content":{"rendered":"\n<h2 class=\"wp-block-heading has-text-align-center\"><strong> Constellations familiales<\/strong><\/h2>\n\n\n\n<p><strong>Mieux comprendre ce que vous portez\u2026 pour vous en lib\u00e9rer<\/strong><\/p>\n\n\n\n<p>Vous avez parfois l\u2019impression de r\u00e9p\u00e9ter les m\u00eames sch\u00e9mas ?<br>De porter des \u00e9motions, des peurs ou des blocages qui ne vous appartiennent pas totalement ?<br>Les <strong>constellations familiales<\/strong> permettent d\u2019explorer, avec douceur, les liens invisibles qui nous relient \u00e0 notre histoire familiale.<\/p>\n\n\n\n<p>C\u2019est une approche qui aide \u00e0 <strong>mettre en lumi\u00e8re les dynamiques relationnelles inconscientes<\/strong> pouvant influencer votre vie actuelle : relations, confiance en vous, place dans la famille, choix de vie, difficult\u00e9s r\u00e9currentes\u2026<\/p>\n\n\n\n<p>\u2728 Le but n\u2019est pas de chercher des coupables<br>\u2728 Ni de \u201cremuer le pass\u00e9\u201d<br>\u2728 Mais de <strong>remettre chacun \u00e0 sa juste place int\u00e9rieurement<\/strong>, pour que vous puissiez avancer plus librement<\/p>\n\n\n\n<hr class=\"wp-block-separator has-alpha-channel-opacity\"\/>\n\n\n\n<p><strong>\ud83e\udded Ce que cela peut vous apporter<\/strong><\/p>\n\n\n\n<p>Les constellations peuvent vous aider \u00e0 :<\/p>\n\n\n\n<p>\u2714 Comprendre des <strong>blocages \u00e9motionnels ou relationnels<\/strong><br>\u2714 Sortir de <strong>sch\u00e9mas r\u00e9p\u00e9titifs<\/strong> (couple, travail, estime de soi\u2026)<br>\u2714 Vous lib\u00e9rer de <strong>loyaut\u00e9s familiales inconscientes<\/strong><br>\u2714 Retrouver un <strong>sentiment d\u2019apaisement et de clart\u00e9 int\u00e9rieure<\/strong><br>\u2714 Vous sentir davantage <strong>\u00e0 votre place dans votre vie<\/strong><\/p>\n\n\n\n<p>C\u2019est une exp\u00e9rience avant tout <strong>symbolique et profond\u00e9ment humaine<\/strong>, qui agit souvent comme un d\u00e9clic int\u00e9rieur.<\/p>\n\n\n\n<hr class=\"wp-block-separator has-alpha-channel-opacity\"\/>\n\n\n\n<p><strong>\ud83e\udd1d Notre mani\u00e8re d\u2019accompagner avec Catherine<\/strong><\/p>\n\n\n\n<p>Nous co-animons ces ateliers avec un cadre clair, s\u00e9curisant et respectueux.<br>Nous m\u00ealons les constellations avec la kin\u00e9siologie pour permettre l&rsquo;int\u00e9gration dans le corps de l&rsquo;\u00e9quilibration r\u00e9alis\u00e9e. <br>Notre posture repose sur <strong>3 principes essentiels<\/strong> :<\/p>\n\n\n\n<p><strong>1\ufe0f<\/strong><strong>\u20e3 Le respect de soi et de ses limites<\/strong><\/p>\n\n\n\n<p>Vous restez libre \u00e0 chaque instant.<br>Personne n\u2019est oblig\u00e9 de parler, de participer ou d\u2019aller plus loin qu\u2019il ne le souhaite. Votre rythme est prioritaire.<\/p>\n\n\n\n<p><strong>2\ufe0f<\/strong><strong>\u20e3 Le respect de l\u2019intimit\u00e9 de chacun<\/strong><\/p>\n\n\n\n<p>Nous r\u00e9alisons <strong>l\u2019anamn\u00e8se en dehors du groupe<\/strong>.<br>Cela signifie que les \u00e9l\u00e9ments personnels et sensibles sont recueillis en amont, dans un espace confidentiel.<br>Le travail en constellation ne repose pas sur l\u2019exposition de votre histoire, mais sur une mise en mouvement symbolique.<\/p>\n\n\n\n<p><strong>3\ufe0f<\/strong><strong>\u20e3 L\u2019\u00e9quilibre du syst\u00e8me avant la curiosit\u00e9<\/strong><\/p>\n\n\n\n<p>Notre objectif n\u2019est jamais de r\u00e9v\u00e9ler des \u201csecrets de famille\u201d ni de satisfaire la curiosit\u00e9.<br>Nous privil\u00e9gions toujours <strong>ce qui permet de r\u00e9tablir plus d\u2019\u00e9quilibre, de paix et de justesse int\u00e9rieure<\/strong>, avec d\u00e9licatesse et sobri\u00e9t\u00e9.<\/p>\n\n\n\n<hr class=\"wp-block-separator has-alpha-channel-opacity\"\/>\n\n\n\n<p><strong>\ud83c\udf31 Un espace d\u2019exploration en douceur<\/strong><\/p>\n\n\n\n<p>Les constellations ne remplacent pas un suivi m\u00e9dical ou psychoth\u00e9rapeutique lorsque celui-ci est n\u00e9cessaire.<br>Elles s\u2019inscrivent comme une <strong>approche compl\u00e9mentaire<\/strong>, centr\u00e9e sur le ressenti, la symbolique et les prises de conscience.<\/p>\n\n\n\n<p>Nous vous accueillons dans un cadre bienveillant, sans jugement, o\u00f9 chacun avance \u00e0 son rythme.<\/p>\n\n\n\n<p><br><strong>\u2709\ufe0f Informations pratiques<\/strong><\/p>\n\n\n\n<p><strong>Inscriptions par mail : <\/strong>\ud83d\udce9 <strong>noemie.avec@gmail.com<\/strong><\/p>\n\n\n\n<p><strong>Tarifs :<\/strong><br>\ud83d\udd39 Participant constellant (vous posez votre probl\u00e9matique) : <strong>130 \u20ac<\/strong><br>\ud83d\udd39 Participant repr\u00e9sentant (vous participez aux constellations des autres) : <strong>70 \u20ac<\/strong><\/p>\n\n\n\n<p>Le nombre de places en tant que constellant est limit\u00e9 afin de garantir un accompagnement de qualit\u00e9 et respectueux du rythme de chacun.<\/p>\n","protected":false},"excerpt":{"rendered":"<p>Constellations familiales Mieux comprendre ce que vous portez\u2026 pour vous en lib\u00e9rer Vous avez parfois l\u2019impression de r\u00e9p\u00e9ter les m\u00eames sch\u00e9mas ?De porter des \u00e9motions, des peurs ou des blocages qui ne vous appartiennent pas totalement ?Les constellations familiales permettent d\u2019explorer, avec douceur, les liens invisibles qui nous relient \u00e0 notre histoire familiale. C\u2019est une [&hellip;]<\/p>\n","protected":false},"author":1,"featured_media":0,"parent":0,"menu_order":0,"comment_status":"closed","ping_status":"closed","template":"","meta":{"footnotes":""},"class_list":["post-567","page","type-page","status-publish","hentry"],"_links":{"self":[{"href":"https:\/\/noemiecharretier.com\/index.php\/wp-json\/wp\/v2\/pages\/567","targetHints":{"allow":["GET"]}}],"collection":[{"href":"https:\/\/noemiecharretier.com\/index.php\/wp-json\/wp\/v2\/pages"}],"about":[{"href":"https:\/\/noemiecharretier.com\/index.php\/wp-json\/wp\/v2\/types\/page"}],"author":[{"embeddable":true,"href":"https:\/\/noemiecharretier.com\/index.php\/wp-json\/wp\/v2\/users\/1"}],"replies":[{"embeddable":true,"href":"https:\/\/noemiecharretier.com\/index.php\/wp-json\/wp\/v2\/comments?post=567"}],"version-history":[{"count":4,"href":"https:\/\/noemiecharretier.com\/index.php\/wp-json\/wp\/v2\/pages\/567\/revisions"}],"predecessor-version":[{"id":576,"href":"https:\/\/noemiecharretier.com\/index.php\/wp-json\/wp\/v2\/pages\/567\/revisions\/576"}],"wp:attachment":[{"href":"https:\/\/noemiecharretier.com\/index.php\/wp-json\/wp\/v2\/media?parent=567"}],"curies":[{"name":"wp","href":"https:\/\/api.w.org\/{rel}","templated":true}]}}