{"id":58,"date":"2023-04-19T19:16:03","date_gmt":"2023-04-19T17:16:03","guid":{"rendered":"https:\/\/nocha0.wordpress.com\/?page_id=58"},"modified":"2026-01-12T08:44:02","modified_gmt":"2026-01-12T07:44:02","slug":"accueil","status":"publish","type":"page","link":"https:\/\/noemiecharretier.com\/index.php\/accueil\/","title":{"rendered":"No\u00e9mie Charretier"},"content":{"rendered":"\n<h2 class=\"wp-block-heading\"><strong>No\u00e9mie Charretier<\/strong><\/h2>\n\n\n\n<p><strong>Qui suis-je? <\/strong><\/p>\n\n\n\n<div class=\"wp-block-group is-nowrap is-layout-flex wp-container-core-group-is-layout-6c531013 wp-block-group-is-layout-flex\">\n<figure class=\"wp-block-image size-large\"><img loading=\"lazy\" decoding=\"async\" width=\"1024\" height=\"1024\" src=\"https:\/\/noemiecharretier.com\/wp-content\/uploads\/2024\/06\/photo-lkd-1024x1024.png\" alt=\"\" class=\"wp-image-335\" srcset=\"https:\/\/noemiecharretier.com\/wp-content\/uploads\/2024\/06\/photo-lkd-1024x1024.png 1024w, https:\/\/noemiecharretier.com\/wp-content\/uploads\/2024\/06\/photo-lkd-300x300.png 300w, https:\/\/noemiecharretier.com\/wp-content\/uploads\/2024\/06\/photo-lkd-150x150.png 150w, https:\/\/noemiecharretier.com\/wp-content\/uploads\/2024\/06\/photo-lkd-768x768.png 768w, https:\/\/noemiecharretier.com\/wp-content\/uploads\/2024\/06\/photo-lkd-1536x1536.png 1536w, https:\/\/noemiecharretier.com\/wp-content\/uploads\/2024\/06\/photo-lkd.png 2000w\" sizes=\"auto, (max-width: 1024px) 100vw, 1024px\" \/><\/figure>\n\n\n\n<p>Je suis No\u00e9mie, passionn\u00e9e par l&rsquo;\u00e9volution personnelle et l&rsquo;\u00e9ducation, j&rsquo;ai une envie profonde d\u2019\u00eatre vraiment moi-m\u00eame et de trouver ma place au sein du collectif, j\u2019ai d\u00e9but\u00e9 ma d\u00e9marche d&rsquo;\u00e9volution personnelle il y a 20 ans.<\/p>\n<\/div>\n\n\n\n<p>CPE de formation, je travaille depuis plus de 15 ans aupr\u00e8s des enfants et des adolescents. A leur contact, j\u2019ai pris conscience qu\u2019au lieu de r\u00e9parer les adultes nous pouvons accompagner les enfants et les ados \u00e0 \u00eatre le plut t\u00f4t possible sur leur chemin de vie, adapt\u00e9 \u00e0 leur singularit\u00e9.<\/p>\n\n\n\n<p>Challenge int\u00e9ressant et pourtant, aucune formation ne permet r\u00e9ellement d\u2019accompagner nos jeunes dans cette direction, aucun manuel n\u2019explique et ne s\u2019adapte r\u00e9ellement \u00e0 nos vies. Je vous propose quelques cl\u00e9s pour vous permettre d\u2019am\u00e9liorer votre relation \u00e0 vous m\u00eame et ainsi, apaiser vos relations \u00e0 votre enfant, \u00eatre \u00e0 son \u00e9coute, \u00e0 ses c\u00f4t\u00e9s et cr\u00e9er un dialogue de qualit\u00e9.<\/p>\n\n\n\n<p>Je me suis donc form\u00e9e \u00e0 la communication bienveillante propos\u00e9e par Adel Faber et Elaine Mazlish et vous propose le cycle de ces ateliers pour prendre conscience de l&rsquo;int\u00e9r\u00eat d&rsquo;ajuster sa communication (son \u00e9coute et ses mots) avec son enfant pour cr\u00e9er une relation bas\u00e9e sur la confiance.<br><br>Puis, j&rsquo;ai crois\u00e9 le chemin de la kin\u00e9siologie, cette technique issue de la chiropractie et de la m\u00e9decine traditionnelle chinoise permet de lever les stress enregistr\u00e9s dans le corps et nous permet de retrouver l&rsquo;\u00e9quilibre t\u00eate, c\u0153ur, corps qui nous garde en sant\u00e9.<\/p>\n\n\n\n<p>Un parent en bonne sant\u00e9 et bien dans ses baskets peut \u00e9lever et accompagner un enfant vers une vie \u00e9panouie et sereine. Prenons nos responsabilit\u00e9s d&rsquo;adulte en prenant soin de nous afin de montrer l&rsquo;exemple \u00e0 nos enfants d&rsquo;une vie heureuse et sereine.<\/p>\n\n\n\n<p>J&rsquo;accompagne toute la famille: les nouveaux-n\u00e9s, enfants, adolescents et adultes pour retrouver l&rsquo;harmonie au sein de la cellule familiale.<\/p>\n\n\n\n<p>J&rsquo;accompagne \u00e9galement en visio et en collectif.<\/p>\n\n\n\n<p>J&rsquo;accompagne \u00e9galement en collectif gr\u00e2ce aux constellations familiales avec ma coll\u00e8gue Catherine afin de mettre en lumi\u00e8re et stopper les blocages et r\u00e9p\u00e9titions li\u00e9s \u00e0 l&rsquo;inconscient familial.<\/p>\n\n\n\n<p><\/p>\n","protected":false},"excerpt":{"rendered":"<p>No\u00e9mie Charretier Qui suis-je? Je suis No\u00e9mie, passionn\u00e9e par l&rsquo;\u00e9volution personnelle et l&rsquo;\u00e9ducation, j&rsquo;ai une envie profonde d\u2019\u00eatre vraiment moi-m\u00eame et de trouver ma place au sein du collectif, j\u2019ai d\u00e9but\u00e9 ma d\u00e9marche d&rsquo;\u00e9volution personnelle il y a 20 ans. CPE de formation, je travaille depuis plus de 15 ans aupr\u00e8s des enfants et des [&hellip;]<\/p>\n","protected":false},"author":1,"featured_media":0,"parent":0,"menu_order":0,"comment_status":"closed","ping_status":"closed","template":"","meta":{"footnotes":""},"class_list":["post-58","page","type-page","status-publish","hentry"],"_links":{"self":[{"href":"https:\/\/noemiecharretier.com\/index.php\/wp-json\/wp\/v2\/pages\/58","targetHints":{"allow":["GET"]}}],"collection":[{"href":"https:\/\/noemiecharretier.com\/index.php\/wp-json\/wp\/v2\/pages"}],"about":[{"href":"https:\/\/noemiecharretier.com\/index.php\/wp-json\/wp\/v2\/types\/page"}],"author":[{"embeddable":true,"href":"https:\/\/noemiecharretier.com\/index.php\/wp-json\/wp\/v2\/users\/1"}],"replies":[{"embeddable":true,"href":"https:\/\/noemiecharretier.com\/index.php\/wp-json\/wp\/v2\/comments?post=58"}],"version-history":[{"count":13,"href":"https:\/\/noemiecharretier.com\/index.php\/wp-json\/wp\/v2\/pages\/58\/revisions"}],"predecessor-version":[{"id":560,"href":"https:\/\/noemiecharretier.com\/index.php\/wp-json\/wp\/v2\/pages\/58\/revisions\/560"}],"wp:attachment":[{"href":"https:\/\/noemiecharretier.com\/index.php\/wp-json\/wp\/v2\/media?parent=58"}],"curies":[{"name":"wp","href":"https:\/\/api.w.org\/{rel}","templated":true}]}}